re the prime factors of 20/110 - 130/o?
2, 3
List the prime factors of 2148/9*(-36)/(-24).
2, 179
Let g(k) = 48*k - 14. Let u be g(7). Suppose 8*n - u = -50. What are the prime factors of n?
2, 17
Suppose p - 13 = 3*z - 0*p, -22 = 2*z + 2*p. Let f be 3/(-3) + -1 - z. Suppose 5*l + 1 = k + 3*k, f*l = 5*k - 8. List the prime factors of l.
3
Suppose 3615 = 11*g - 8518. What are the prime factors of g?
1103
Suppose 4*y + 178 = -2*i, 5*y - 2*i + 5*i = -220. Let f = -79 - y. Let m = f + 59. What are the prime factors of m?
3
Suppose 4 = -4*o, -4*s + 7*s - 752 = -4*o. List the prime factors of s.
2, 3, 7
Suppose 6 = 4*x - 2*n - 6, -3*x = n - 9. Suppose x*p - 5 = 1, -5*u + 9 = -3*p. Suppose 2*d + 32 = u*c, 5*c + 19 - 85 = -3*d. List the prime factors of c.
2, 3
Let o be 2*10/(-10) + 0 + 4. Let h = 0 + 0. What are the prime factors of 26/o + h + -3?
2, 5
Suppose -1898 = -5*f + 4*k, -6*f - 4*k = -f - 1922. What are the prime factors of f?
2, 191
Let a(u) = 39*u - 495. List the prime factors of a(28).
3, 199
Suppose -5*o + 13 = -22. Suppose -4*a + o + 101 = 0. List the prime factors of a.
3
Let n(c) = -15*c**3 - c**2 + 3*c + 4. What are the prime factors of n(-1)?
3, 5
Let g(f) = -12*f - 3. Let x(y) = -1. Let b(t) = -g(t) + 3*x(t). List the prime factors of b(13).
2, 3, 13
Suppose -545 = -3*g - 80. List the prime factors of g.
5, 31
Let a(v) = -4 - 2*v + v**2 + 5 + 1 + 3*v + 10*v**3. Let m be a(2). Suppose -3*i = -7*i - 4, 3*h = i + m. List the prime factors of h.
29
Let z(v) = 9*v**2 + v**3 + v**2 - 4 - 5*v**2 - 7*v. List the prime factors of z(-6).
2
Let n(r) = r**3 - 13*r**2 - 15*r + 11. Let i be n(14). Let d be i - -1 - (-13 + -64). Suppose 25 = -5*g, 3*x - d = -2*x + 2*g. List the prime factors of x.
13
Let x = 1277 - 650. Suppose x = 2*w + w. What are the prime factors of w?
11, 19
Let a(k) = 11*k**2 - k + 1. Let d = 32 - 31. List the prime factors of a(d).
11
Let o(k) = 26*k - 4. Let c be o(6). Let a be ((-95)/(-38))/(10/856). Let h = a - c. List the prime factors of h.
2, 31
Let q(l) = 9*l + 70. Let p be q(-8). List the prime factors of (8/16)/((-2)/(-756)) + p.
11, 17
Let g(j) be the second derivative of -4*j**3 + j**2 - 8*j. What are the prime factors of g(-3)?
2, 37
Let z(s) = 2*s**2 - 23*s - 1152. List the prime factors of z(56).
2, 479
Let i be (-470)/(-8) - (-18)/(-24). Let b = -8 + i. What are the prime factors of b?
2, 5
Let k(q) = 12*q**2 + 6*q. Let d be k(-4). Suppose f + d = 5*f. Let g = -16 + f. List the prime factors of g.
2, 13
Let m(v) = 4*v**2 + 12*v + 2. Let k(j) = 12*j**2 + 35*j + 5. Let u(c) = 4*k(c) - 11*m(c). List the prime factors of u(-5).
2, 29
Let b(p) = -2*p**3 + 24*p**2 + 2*p + 7. List the prime factors of b(12).
31
Let p be ((-20)/(-8) + 1)*2. Suppose 5 - p = -z. Suppose 0 = 3*o - 4*u - 95, 4*o - 48 - 72 = z*u. List the prime factors of o.
29
Let x = 10 - 10. Let q(w) = w**3 + 8*w**2 + 6*w. Let p be q(-6). Suppose -3*g + g + p = x. List the prime factors of g.
2, 3
Let t(c) = -12*c**3 - 7*c**2 - 7*c + 4. What are the prime factors of t(-6)?
2, 1193
Suppose 5*s - 58 + 8 = 0. Suppose s*y - 474 = 4*y. List the prime factors of y.
79
Let w = -1992 + 4473. List the prime factors of w.
3, 827
Let z(h) = -2*h + 14 + 11 - 11. What are the prime factors of z(-11)?
2, 3
Suppose 3*y + 3*b = 1491, 6*b = -3*y + 8*b + 1481. List the prime factors of y.
3, 5, 11
Let v be 3/(-12) + (-213)/12. Let n = 61 - v. What are the prime factors of n?
79
Suppose -15978 = -15*g + 1362. List the prime factors of g.
2, 17
Suppose 0*t + t - 6 = 0. List the prime factors of 92/t - 24/(-36).
2
Let f(a) be the third derivative of -a**3 + 0*a + 3*a**2 + 0 - 1/6*a**4. List the prime factors of f(-7).
2, 11
Let c(b) = -b**3 - 16*b**2 - b + 3364. What are the prime factors of c(0)?
2, 29
Let g be 0 + 12 + (2 - 3). Let r be g + 5 + -2 + -6. Let w = -5 + r. What are the prime factors of w?
3
Let z = -79 - -24. Let a be (-10)/4*(-44)/z. Let b(y) = -32*y - 6. List the prime factors of b(a).
2, 29
Suppose -5*y = -f + 256, -63*f + 66*f + 3*y - 768 = 0. What are the prime factors of f?
2
Let o = 321 - 644. Let d = o + 229. Let n = d + 149. List the prime factors of n.
5, 11
Suppose -5*a = 6*w - 5*w - 996, 4917 = 5*w + 4*a. List the prime factors of w.
3, 109
Let k be 2 + (2 - (0 - -4)). Suppose -4*y + 6 = 2*u, -y + 0*y + 3*u + 5 = k. List the prime factors of (195/6)/(y/4).
5, 13
Let p(c) = -4*c - 10. Let m(r) = r**2 - 3*r. Let o be m(3). Suppose 0 = -q - 8 - o. What are the prime factors of p(q)?
2, 11
Let n(j) = 43*j + 225. List the prime factors of n(37).
2, 227
List the prime factors of (30/(-7))/(7572/(-1512) - -5).
2, 3, 5
Let w(n) = n. Suppose -5*s = -0*s + 15. Let r(m) = -m**3 + 7*m**2 - 4*m. Let z(v) = s*w(v) + r(v). What are the prime factors of z(5)?
3, 5
Suppose 1258 = -16*a - 246. Let h = a - -281. List the prime factors of h.
11, 17
Suppose -123 = -8*p + 5*p. Let a = p + 35. What are the prime factors of a?
2, 19
Let l be (18/(-24))/(2/48). Let t be -8*3/l*-3. Let p = 2 - t. What are the prime factors of p?
2, 3
Let g = -20 + 238. What are the prime factors of g?
2, 109
Suppose 20*g - 1792 = -4*y + 18*g, 441 = y + 4*g. List the prime factors of y.
449
Let f be 30/(-195) + (-204)/26. Let d(g) = g**3 + 10*g**2 + 7*g + 11. What are the prime factors of d(f)?
83
Suppose 4*a - 1796 = 4*w, -2*w = -7*w + 5. List the prime factors of a.
2, 3, 5
Suppose 1111 - 79 = 8*w. Suppose 3*k + 46 = -0*p + p, -4*p + k + w = 0. List the prime factors of p.
31
Let c(j) = 11*j**2 + 3*j + 28. List the prime factors of c(-6).
2, 7, 29
Suppose 2*v - g - 372 = -4*g, 3*v + 4*g = 559. List the prime factors of v.
3, 7
Suppose q = 2*j - 14, 2*j + 3*q + 0 + 2 = 0. Suppose -3*r - 557 = -4*s - 0*s, 720 = j*s + r. List the prime factors of s.
11, 13
Let k(d) = d**3 - 16*d**2 + 20*d - 19. What are the prime factors of k(19)?
2, 19
Let g = 533 + -28. What are the prime factors of g?
5, 101
Let r be 4 + -1 - (28 + -2). Let j = -20 - r. Suppose -2*a - 3*s + 11 + 26 = 0, -j*a - s + 38 = 0. List the prime factors of a.
11
Let d be (12/10)/3 - 10435/25. Let h = d + 624. What are the prime factors of h?
3, 23
Suppose 16*i - 39 - 57 = 0. List the prime factors of (-40)/(-6) - 6 - (-644)/i.
2, 3
Let w = 100 - 92. Let v = 153 + w. List the prime factors of v.
7, 23
Let j(m) = 7*m**2 - 34*m + 28. What are the prime factors of j(6)?
2, 19
Let y = 30 + -24. Let u = y - -10. Suppose u = 2*h + 3*m, 52 = 2*h - 2*m + 16. List the prime factors of h.
2, 7
Let t = 1070 - 723. List the prime factors of t.
347
Let j(i) = -2*i + 15. Let c be j(6). Suppose -l - 4*l = -3*h + 112, -c*l - 120 = -3*h. What are the prime factors of h?
2, 11
Let d = 29 - 2. Let f = 119 - d. What are the prime factors of f?
2, 23
Let p(h) = h**3 + 28*h**2 + 5*h - 64. What are the prime factors of p(-27)?
2, 5, 53
Let a(y) = 4*y**2 - 48*y + 6. Let b be a(12). Suppose -4*k + 2*z + 152 = 0, -k + b*k - 190 = -3*z. List the prime factors of k.
2, 19
Suppose 4*y = 4 - 4. Suppose -360 = -5*w - 5*g - y*g, -4*w = g - 279. What are the prime factors of w?
3, 23
Suppose 5*o - 2*o - 75 = 0. Let u = o - 22. Suppose 0 = u*d - 6, 19 = -p - 2*d + 53. List the prime factors of p.
2, 3, 5
Let u = 4391 - 2276. List the prime factors of u.
3, 5, 47
Let j(n) = -9*n + 4. Let h be j(8). What are the prime factors of (2 + 28/(-8))*h?
2, 3, 17
Suppose -4*u - 10 + 30 = 0. Suppose -24 - 96 = -2*a - 3*f, 2*a + u*f - 124 = 0. What are the prime factors of a?
3, 19
Let z = -10 - -17. Suppose -5*q + 2*q = -x - z, -5*x = -q - 21. What are the prime factors of (-4)/((-6)/q + 1)?
2
Let j be (-5)/(-2)*126/105. Let v = -2 + 4. Suppose -j*m + 35 = v*m. What are the prime factors of m?
7
Let z = -44 + 40. Let j = z - -90. List the prime factors of j.
2, 43
Let h(w) = 107*w - 205. List the prime factors of h(18).
1721
Let x(w) = -11*w + 5. Let j(h) = -12*h + 6. Let p(q) = -5*j(q) + 6*x(q). Let t = -128 + 125. List the prime factors of p(t).
2, 3
Suppose -7*g + 102 = -3*g - 2*s, 2*g - 54 = 2*s. What are the prime factors of (23*16/(-10))/(g/(-60))?
2, 23
Suppose -3*o + 10 = 1. Let a be o + 3/6*-2. Suppose s - 2 = 4*k + a, s = -4*k + 36. List the prime factors of s.
2, 5
Suppose -v + 2*v - 5*n - 268 = 0, -3*v - n + 852 = 0. What are the prime factors of v?
283
Let 